{"id":110,"date":"2025-08-25T21:42:37","date_gmt":"2025-08-25T19:42:37","guid":{"rendered":"https:\/\/cda21.fr\/?page_id=110"},"modified":"2025-08-30T08:24:58","modified_gmt":"2025-08-30T06:24:58","slug":"nos-actions","status":"publish","type":"page","link":"https:\/\/cda21.fr\/index.php\/nos-actions\/","title":{"rendered":"Nos Actions"},"content":{"rendered":"\n<h2 class=\"wp-block-heading has-text-align-center\">BIA  : Brevet d&rsquo;Initiation A\u00e9ronautique<\/h2>\n\n\n\n<div class=\"wp-block-media-text has-media-on-the-right is-stacked-on-mobile\"><div class=\"wp-block-media-text__content\">\n<p>Le Brevet d\u2019Initiation A\u00e9ronautique (BIA) est un dipl\u00f4me fran\u00e7ais qui permet aux jeunes passionn\u00e9s d\u2019a\u00e9ronautique de d\u00e9couvrir les fondamentaux du monde de l\u2019aviation.<\/p>\n\n\n\n<p>Accessible d\u00e8s l\u2019\u00e2ge de 13 ans, cette formation est souvent propos\u00e9e dans les \u00e9tablissements scolaires en partenariat avec les a\u00e9roclubs. Le BIA aborde des th\u00e8mes vari\u00e9s tels que l\u2019a\u00e9rodynamique, la m\u00e9canique du vol, la m\u00e9t\u00e9orologie, la r\u00e9glementation a\u00e9rienne, l\u2019histoire de l\u2019aviation et la navigation. Il offre une approche \u00e0 la fois th\u00e9orique et pratique, avec la possibilit\u00e9 de r\u00e9aliser des vols d\u2019initiation gr\u00e2ce au conseil d\u00e9partemental et aux a\u00e9roclubs. <\/p>\n\n\n\n<p>Reconnue par le minist\u00e8re de l\u2019\u00c9ducation nationale et la Direction g\u00e9n\u00e9rale de l\u2019aviation civile (DGAC), cette certification est un excellent tremplin pour ceux qui envisagent une carri\u00e8re dans l\u2019a\u00e9ronautique, qu\u2019il s\u2019agisse de devenir pilote, m\u00e9canicien, contr\u00f4leur a\u00e9rien ou ing\u00e9nieur. <\/p>\n\n\n\n<p>Les cours sont dispens\u00e9s par des pilotes, ce qui garantit un enseignement de qualit\u00e9 et actualis\u00e9. L\u2019examen final, sous forme de QCM, \u00e9value les connaissances acquises et permet d\u2019obtenir un dipl\u00f4me valorisant sur un CV. <\/p>\n\n\n\n<p>Le BIA est aussi une opportunit\u00e9 de rencontrer des passionn\u00e9s et de s\u2019immerger dans un univers exigeant et fascinant. En plus d\u2019enrichir la culture g\u00e9n\u00e9rale des candidats, il peut ouvrir des portes vers des bourses ou des aides pour poursuivre une formation a\u00e9ronautique. Enfin, le BIA est une exp\u00e9rience formatrice qui d\u00e9veloppe la rigueur, l\u2019autonomie et l\u2019esprit d\u2019\u00e9quipe, des qualit\u00e9s essentielles dans le domaine de l\u2019aviation. Que ce soit par passion ou par projet professionnel, le BIA repr\u00e9sente une premi\u00e8re \u00e9tape id\u00e9ale pour s\u2019initier au monde de l\u2019a\u00e9rien.<\/p>\n\n\n\n<p><\/p>\n<\/div><figure class=\"wp-block-media-text__media\"><img loading=\"lazy\" decoding=\"async\" width=\"232\" height=\"219\" src=\"https:\/\/cda21.fr\/wp-content\/uploads\/2025\/08\/BIA_2.gif\" alt=\"\" class=\"wp-image-156 size-full\"\/><\/figure><\/div>\n\n\n\n<h2 class=\"wp-block-heading has-text-align-center\">Aerobiodiversit\u00e9<\/h2>\n\n\n\n<div class=\"wp-block-media-text is-stacked-on-mobile\"><figure class=\"wp-block-media-text__media\"><img loading=\"lazy\" decoding=\"async\" width=\"703\" height=\"430\" src=\"http:\/\/cda21.fr\/wp-content\/uploads\/2025\/08\/aerobiodiveriste.png\" alt=\"\" class=\"wp-image-153 size-full\" srcset=\"https:\/\/cda21.fr\/wp-content\/uploads\/2025\/08\/aerobiodiveriste.png 703w, https:\/\/cda21.fr\/wp-content\/uploads\/2025\/08\/aerobiodiveriste-300x183.png 300w\" sizes=\"auto, (max-width: 703px) 100vw, 703px\" \/><\/figure><div class=\"wp-block-media-text__content\">\n<p>Les terrains d&rsquo;aviation sont des grandes surfaces naturelles sans traitements et avec de grandes surgaces enherb\u00e9es cr\u00e9ant des ilots de biodiversit\u00e9s end\u00e9mique.<\/p>\n\n\n\n<p>L\u2019association A\u00e9ro Biodiversit\u00e9, cr\u00e9\u00e9e en 2013, a pour mission principale d\u2019\u00e9valuer, d\u2019am\u00e9liorer et de faire conna\u00eetre la biodiversit\u00e9 pr\u00e9sente sur les plateformes a\u00e9roportuaires en France m\u00e9tropolitaine et en outre-mer. L\u2019association s\u2019appuie sur des protocoles scientifiques valid\u00e9s, notamment ceux de Vigie Nature d\u00e9velopp\u00e9s par le Mus\u00e9um national d\u2019Histoire naturelle, pour inventorier la faune et la flore sur les a\u00e9roports et a\u00e9rodromes. Ces espaces, souvent couverts \u00e0 plus de 70% d\u2019espaces verts, constituent de v\u00e9ritables refuges pour de nombreuses esp\u00e8ces animales et v\u00e9g\u00e9tales, parfois rares ou menac\u00e9es.<\/p>\n\n\n\n<p>A\u00e9ro Biodiversit\u00e9 propose \u00e9galement un label, \u00ab a\u00e9robio \u00bb, qui r\u00e9compense les a\u00e9roports engag\u00e9s dans une d\u00e9marche active de pr\u00e9servation et de valorisation de leur biodiversit\u00e9. Ce label s\u2019inscrit dans la Strat\u00e9gie Nationale Biodiversit\u00e9 2030, avec pour objectif de r\u00e9duire les pressions sur les \u00e9cosyst\u00e8mes et d\u2019inverser le d\u00e9clin de la biodiversit\u00e9. L\u2019association publie chaque ann\u00e9e un rapport national d\u00e9taillant les r\u00e9sultats de ses observations et les actions men\u00e9es sur les plateformes partenaires, tout en sensibilisant les professionnels du secteur a\u00e9rien aux enjeux de la biodiversit\u00e9 a\u00e9roportuaire<\/p>\n\n\n\n<p>En C\u00f4te d&rsquo;Or, 2 plateformes adh\u00e9rent \u00e0 l&rsquo;association et ont r\u00e9alis\u00e9 un inventaire la biodiversit\u00e9.<\/p>\n\n\n\n<p><a href=\"https:\/\/aerobiodiversite.org\/aero\/til-chatel\">https:\/\/aerobiodiversite.org\/aero\/til-chatel<\/a><\/p>\n\n\n\n<p><a href=\"https:\/\/aerobiodiversite.org\/aero\/semur-en-auxois\">https:\/\/aerobiodiversite.org\/aero\/semur-en-auxois<\/a><\/p>\n<\/div><\/div>\n\n\n\n<h2 class=\"wp-block-heading has-text-align-center\">Simulateur de vol<\/h2>\n\n\n\n<div class=\"wp-block-media-text has-media-on-the-right is-stacked-on-mobile\"><div class=\"wp-block-media-text__content\">\n<p><\/p>\n<\/div><figure class=\"wp-block-media-text__media\"><img loading=\"lazy\" decoding=\"async\" width=\"1024\" height=\"1024\" src=\"http:\/\/cda21.fr\/wp-content\/uploads\/2025\/08\/WhatsApp-Image-2025-07-12-at-14.15.32-1024x1024.jpeg\" alt=\"\" class=\"wp-image-28 size-full\" srcset=\"https:\/\/cda21.fr\/wp-content\/uploads\/2025\/08\/WhatsApp-Image-2025-07-12-at-14.15.32-1024x1024.jpeg 1024w, https:\/\/cda21.fr\/wp-content\/uploads\/2025\/08\/WhatsApp-Image-2025-07-12-at-14.15.32-300x300.jpeg 300w, https:\/\/cda21.fr\/wp-content\/uploads\/2025\/08\/WhatsApp-Image-2025-07-12-at-14.15.32-150x150.jpeg 150w, https:\/\/cda21.fr\/wp-content\/uploads\/2025\/08\/WhatsApp-Image-2025-07-12-at-14.15.32-768x768.jpeg 768w, https:\/\/cda21.fr\/wp-content\/uploads\/2025\/08\/WhatsApp-Image-2025-07-12-at-14.15.32.jpeg 1496w\" sizes=\"auto, (max-width: 1024px) 100vw, 1024px\" \/><\/figure><\/div>\n\n\n\n<p><\/p>\n\n\n\n<p><\/p>\n","protected":false},"excerpt":{"rendered":"<p>BIA : Brevet d&rsquo;Initiation A\u00e9ronautique Le Brevet d\u2019Initiation A\u00e9ronautique (BIA) est un dipl\u00f4me fran\u00e7ais qui permet aux jeunes passionn\u00e9s d\u2019a\u00e9ronautique de d\u00e9couvrir les fondamentaux du monde de l\u2019aviation. Accessible d\u00e8s l\u2019\u00e2ge de 13 ans, cette formation est souvent propos\u00e9e dans les \u00e9tablissements scolaires en partenariat avec les a\u00e9roclubs. Le BIA aborde des th\u00e8mes vari\u00e9s tels [&hellip;]<\/p>\n","protected":false},"author":1,"featured_media":85,"parent":0,"menu_order":0,"comment_status":"closed","ping_status":"closed","template":"","meta":{"footnotes":""},"class_list":["post-110","page","type-page","status-publish","has-post-thumbnail","hentry"],"_links":{"self":[{"href":"https:\/\/cda21.fr\/index.php\/wp-json\/wp\/v2\/pages\/110","targetHints":{"allow":["GET"]}}],"collection":[{"href":"https:\/\/cda21.fr\/index.php\/wp-json\/wp\/v2\/pages"}],"about":[{"href":"https:\/\/cda21.fr\/index.php\/wp-json\/wp\/v2\/types\/page"}],"author":[{"embeddable":true,"href":"https:\/\/cda21.fr\/index.php\/wp-json\/wp\/v2\/users\/1"}],"replies":[{"embeddable":true,"href":"https:\/\/cda21.fr\/index.php\/wp-json\/wp\/v2\/comments?post=110"}],"version-history":[{"count":6,"href":"https:\/\/cda21.fr\/index.php\/wp-json\/wp\/v2\/pages\/110\/revisions"}],"predecessor-version":[{"id":157,"href":"https:\/\/cda21.fr\/index.php\/wp-json\/wp\/v2\/pages\/110\/revisions\/157"}],"wp:featuredmedia":[{"embeddable":true,"href":"https:\/\/cda21.fr\/index.php\/wp-json\/wp\/v2\/media\/85"}],"wp:attachment":[{"href":"https:\/\/cda21.fr\/index.php\/wp-json\/wp\/v2\/media?parent=110"}],"curies":[{"name":"wp","href":"https:\/\/api.w.org\/{rel}","templated":true}]}}