{"id":46,"date":"2025-08-25T18:02:16","date_gmt":"2025-08-25T16:02:16","guid":{"rendered":"https:\/\/cda21.fr\/?page_id=46"},"modified":"2025-09-27T15:02:53","modified_gmt":"2025-09-27T13:02:53","slug":"les-sports-aeriens","status":"publish","type":"page","link":"https:\/\/cda21.fr\/index.php\/les-sports-aeriens\/","title":{"rendered":"Les sports a\u00e9riens"},"content":{"rendered":"\n<div class=\"wp-block-group alignfull has-global-padding is-layout-constrained wp-container-core-group-is-layout-490fa1db wp-block-group-is-layout-constrained\" style=\"padding-top:var(--wp--preset--spacing--50);padding-right:var(--wp--preset--spacing--50);padding-bottom:var(--wp--preset--spacing--50);padding-left:var(--wp--preset--spacing--50)\">\n<div class=\"wp-block-group has-global-padding is-layout-constrained wp-container-core-group-is-layout-650790e1 wp-block-group-is-layout-constrained\">\n<h1 class=\"wp-block-heading has-text-align-center has-x-large-font-size\">La voltige a\u00e9rienne <\/h1>\n\n\n\n<div style=\"height:1.25rem\" aria-hidden=\"true\" class=\"wp-block-spacer\"><\/div>\n\n\n\n<p class=\"has-text-align-center\">La pratique de la voltige a\u00e9rienne permet d&rsquo;affiner son pilotage. Apr\u00e8s une formation rigoureuse sur des avions sp\u00e9cialement con\u00e7us et \u00e9quip\u00e9s, vous pourrez atteindre le point ultime dans le pilotage sportif et vous \u00e9prouverez des sensations fortes !<\/p>\n\n\n\n<div style=\"height:1.25rem\" aria-hidden=\"true\" class=\"wp-block-spacer\"><\/div>\n\n\n\n<div class=\"wp-block-buttons is-content-justification-center is-layout-flex wp-container-core-buttons-is-layout-a89b3969 wp-block-buttons-is-layout-flex\">\n<div class=\"wp-block-button\"><a class=\"wp-block-button__link wp-element-button\">En Savoir plus<\/a><\/div>\n<\/div>\n<\/div>\n\n\n\n<div style=\"height:var(--wp--preset--spacing--30)\" aria-hidden=\"true\" class=\"wp-block-spacer\"><\/div>\n\n\n\n<figure class=\"wp-block-image alignwide size-full is-style-rounded is-style-rounded--1\"><img loading=\"lazy\" decoding=\"async\" width=\"500\" height=\"245\" src=\"http:\/\/cda21.fr\/wp-content\/uploads\/2025\/08\/Aura-Dijon-Voltige.webp\" alt=\"\" class=\"wp-image-89\" srcset=\"https:\/\/cda21.fr\/wp-content\/uploads\/2025\/08\/Aura-Dijon-Voltige.webp 500w, https:\/\/cda21.fr\/wp-content\/uploads\/2025\/08\/Aura-Dijon-Voltige-300x147.webp 300w\" sizes=\"auto, (max-width: 500px) 100vw, 500px\" \/><\/figure>\n<\/div>\n\n\n\n<div class=\"wp-block-group alignfull has-global-padding is-layout-constrained wp-container-core-group-is-layout-490fa1db wp-block-group-is-layout-constrained\" style=\"padding-top:var(--wp--preset--spacing--50);padding-right:var(--wp--preset--spacing--50);padding-bottom:var(--wp--preset--spacing--50);padding-left:var(--wp--preset--spacing--50)\">\n<div class=\"wp-block-group has-global-padding is-layout-constrained wp-container-core-group-is-layout-650790e1 wp-block-group-is-layout-constrained\">\n<h1 class=\"wp-block-heading has-text-align-center has-x-large-font-size\">L&rsquo;ANR<\/h1>\n\n\n\n<div style=\"height:1.25rem\" aria-hidden=\"true\" class=\"wp-block-spacer\"><\/div>\n\n\n\n<p class=\"has-text-align-center\">L\u2019ANR (Air Navigation Race) est une discipline sportive a\u00e9ronautique propos\u00e9e par la F\u00e9d\u00e9ration Fran\u00e7aise A\u00e9ronautique (FFA). Il s\u2019agit d\u2019une course de navigation a\u00e9rienne qui met en comp\u00e9tition des \u00e9quipages (pilote et navigateur) sur des parcours d\u00e9finis, avec pour objectif de rallier des points de passage impos\u00e9s en un temps calcul\u00e9 \u00e0 l\u2019avance. L\u2019\u00e9preuve repose sur la pr\u00e9cision de la navigation, la gestion du temps et la ma\u00eetrise technique de l\u2019a\u00e9ronef, sans recourir \u00e0 des vitesses excessives. Les \u00e9quipages doivent respecter scrupuleusement les r\u00e8gles de l\u2019air et les proc\u00e9dures de navigation, tout en optimisant leur trajectoire et leur consommation de carburant.<\/p>\n\n\n\n<p class=\"has-text-align-center\">Cette discipline permet de d\u00e9velopper des comp\u00e9tences en navigation, en travail d\u2019\u00e9quipe et en prise de d\u00e9cision, tout en respectant les contraintes de s\u00e9curit\u00e9 et de r\u00e9glementation a\u00e9rienne. L\u2019ANR est accessible aux pilotes licenci\u00e9s et s\u2019inscrit dans le calendrier des comp\u00e9titions organis\u00e9es par la FFA, avec des championnats r\u00e9gionaux et nationaux<\/p>\n\n\n\n<div style=\"height:1.25rem\" aria-hidden=\"true\" class=\"wp-block-spacer\"><\/div>\n\n\n\n<div class=\"wp-block-buttons is-content-justification-center is-layout-flex wp-container-core-buttons-is-layout-a89b3969 wp-block-buttons-is-layout-flex\">\n<div class=\"wp-block-button\"><a class=\"wp-block-button__link wp-element-button\" href=\"https:\/\/www.ffa-aero.fr\/FR\/frm_Sports_ANR.awp\">en savoir plus<\/a><\/div>\n<\/div>\n<\/div>\n\n\n\n<div style=\"height:var(--wp--preset--spacing--30)\" aria-hidden=\"true\" class=\"wp-block-spacer\"><\/div>\n\n\n\n<figure class=\"wp-block-image alignwide size-full is-style-rounded is-style-rounded--2\"><img loading=\"lazy\" decoding=\"async\" width=\"500\" height=\"245\" src=\"http:\/\/cda21.fr\/wp-content\/uploads\/2025\/08\/Aura-Dijon-Voltige.webp\" alt=\"\" class=\"wp-image-89\" srcset=\"https:\/\/cda21.fr\/wp-content\/uploads\/2025\/08\/Aura-Dijon-Voltige.webp 500w, https:\/\/cda21.fr\/wp-content\/uploads\/2025\/08\/Aura-Dijon-Voltige-300x147.webp 300w\" sizes=\"auto, (max-width: 500px) 100vw, 500px\" \/><\/figure>\n<\/div>\n\n\n\n<div class=\"wp-block-group alignfull has-global-padding is-layout-constrained wp-container-core-group-is-layout-490fa1db wp-block-group-is-layout-constrained\" style=\"padding-top:var(--wp--preset--spacing--50);padding-right:var(--wp--preset--spacing--50);padding-bottom:var(--wp--preset--spacing--50);padding-left:var(--wp--preset--spacing--50)\">\n<div class=\"wp-block-group has-global-padding is-layout-constrained wp-container-core-group-is-layout-650790e1 wp-block-group-is-layout-constrained\">\n<h1 class=\"wp-block-heading has-text-align-center has-x-large-font-size\">Les circuits en planeurs<\/h1>\n\n\n\n<div style=\"height:1.25rem\" aria-hidden=\"true\" class=\"wp-block-spacer\"><\/div>\n\n\n\n<p class=\"has-text-align-center\">\u00c9tudes is a pioneering firm that seamlessly merges creativity and functionality to redefine architectural excellence.<\/p>\n\n\n\n<div style=\"height:1.25rem\" aria-hidden=\"true\" class=\"wp-block-spacer\"><\/div>\n\n\n\n<div class=\"wp-block-buttons is-content-justification-center is-layout-flex wp-container-core-buttons-is-layout-a89b3969 wp-block-buttons-is-layout-flex\">\n<div class=\"wp-block-button\"><a class=\"wp-block-button__link wp-element-button\">About us<\/a><\/div>\n<\/div>\n<\/div>\n\n\n\n<div style=\"height:var(--wp--preset--spacing--30)\" aria-hidden=\"true\" class=\"wp-block-spacer\"><\/div>\n\n\n\n<figure class=\"wp-block-image alignwide size-full is-style-rounded is-style-rounded--3\"><img loading=\"lazy\" decoding=\"async\" width=\"500\" height=\"245\" src=\"http:\/\/cda21.fr\/wp-content\/uploads\/2025\/08\/Aura-Dijon-Voltige.webp\" alt=\"\" class=\"wp-image-89\" srcset=\"https:\/\/cda21.fr\/wp-content\/uploads\/2025\/08\/Aura-Dijon-Voltige.webp 500w, https:\/\/cda21.fr\/wp-content\/uploads\/2025\/08\/Aura-Dijon-Voltige-300x147.webp 300w\" sizes=\"auto, (max-width: 500px) 100vw, 500px\" \/><\/figure>\n<\/div>\n","protected":false},"excerpt":{"rendered":"<p>La voltige a\u00e9rienne La pratique de la voltige a\u00e9rienne permet d&rsquo;affiner son pilotage. Apr\u00e8s une formation rigoureuse sur des avions sp\u00e9cialement con\u00e7us et \u00e9quip\u00e9s, vous pourrez atteindre le point ultime dans le pilotage sportif et vous \u00e9prouverez des sensations fortes ! L&rsquo;ANR L\u2019ANR (Air Navigation Race) est une discipline sportive a\u00e9ronautique propos\u00e9e par la F\u00e9d\u00e9ration [&hellip;]<\/p>\n","protected":false},"author":1,"featured_media":0,"parent":0,"menu_order":0,"comment_status":"closed","ping_status":"closed","template":"","meta":{"footnotes":""},"class_list":["post-46","page","type-page","status-publish","hentry"],"_links":{"self":[{"href":"https:\/\/cda21.fr\/index.php\/wp-json\/wp\/v2\/pages\/46","targetHints":{"allow":["GET"]}}],"collection":[{"href":"https:\/\/cda21.fr\/index.php\/wp-json\/wp\/v2\/pages"}],"about":[{"href":"https:\/\/cda21.fr\/index.php\/wp-json\/wp\/v2\/types\/page"}],"author":[{"embeddable":true,"href":"https:\/\/cda21.fr\/index.php\/wp-json\/wp\/v2\/users\/1"}],"replies":[{"embeddable":true,"href":"https:\/\/cda21.fr\/index.php\/wp-json\/wp\/v2\/comments?post=46"}],"version-history":[{"count":7,"href":"https:\/\/cda21.fr\/index.php\/wp-json\/wp\/v2\/pages\/46\/revisions"}],"predecessor-version":[{"id":175,"href":"https:\/\/cda21.fr\/index.php\/wp-json\/wp\/v2\/pages\/46\/revisions\/175"}],"wp:attachment":[{"href":"https:\/\/cda21.fr\/index.php\/wp-json\/wp\/v2\/media?parent=46"}],"curies":[{"name":"wp","href":"https:\/\/api.w.org\/{rel}","templated":true}]}}